 What is the highest common factor of 12 and l?
12
Let j(c) = 14*c. Let f be j(-4). Let p = 56 + f. Suppose -q = -p*w - w - 25, -2*q + 3*w = -53. What is the highest common factor of 2 and q?
2
Let k(m) = -668*m**2 + 332*m**2 - m**3 + 348*m**2 + 15 - 18*m. Let z be k(10). Suppose 17*o = 33 + z. What is the highest common divisor of 8 and o?
4
Let x be ((-7246)/9)/(119/(-1071)) + -7. What is the highest common divisor of 114 and x?
57
Let j(v) = -v + 1. Let w(f) = -f**3 - 6*f**2 + 6*f - 9. Let t be w(-7). Let q be j(t). Let p = 5140 + -5137. What is the highest common divisor of q and p?
3
Suppose -132*b + 133*b + 8 = 0. Let n be 65 - (16/b + 7). Calculate the highest common factor of 12 and n.
12
Let j(h) = -h**3 + 14*h**2 + 54*h - 56. Let z be j(-7). What is the greatest common factor of z and 340?
85
Suppose -174*j = -180*j + 24. Suppose -2*f - 8 = 0, -j*f - 106 = -3*v + v. What is the greatest common factor of 75 and v?
15
Let j = 221 + -163. Suppose z + j = 3*z + 2*f, -z = -4*f - 44. What is the greatest common factor of z and 64?
32
Let h be 2 - 11/((-66)/(-12)). Suppose 0 = 5*p + 2*m - 58, h = 17*m - 19*m + 8. Calculate the greatest common divisor of 80 and p.
10
Let l(d) = 233*d + 1907. Let m be l(-7). Calculate the highest common divisor of 612 and m.
12
Let m = -403 - -236. Let n = m - -181. What is the highest common factor of 224 and n?
14
Let x = 74 - 41. Let a(b) = 294*b + 57531. Let c be a(-194). What is the highest common divisor of x and c?
33
Let i = 121 - 106. Let r be (5/(15/(-154)))/((-5)/i). What is the greatest common factor of r and 66?
22
Let j(n) = 11*n - 60. Let z(b) = 31*b - 179. Let h(d) = 17*j(d) - 6*z(d). Let y be h(-8). Calculate the highest common factor of y and 368.
46
Let g = 66 + -48. Let w(t) = t**2 - 46*t + 345. Let a be w(43). Calculate the greatest common divisor of a and g.
18
Suppose s + 0*s - 14 = 5*c, 0 = 2*c. Let r be 36/63 + 286/s. What is the greatest common factor of 210 and r?
21
Let m(v) = -v**3 - 9*v**2 - 3*v + 9. Let d be m(-9). Let l be (-15 + -1)/((-10)/180). What is the greatest common divisor of l and d?
36
Suppose -n + l + 44 = -79, 0 = 4*n + 2*l - 486. Let x = -642 + 947. Calculate the highest common divisor of x and n.
61
Suppose -25 = -3*l + 35. Suppose -26*p + 585 = 169. What is the greatest common factor of l and p?
4
Let z(n) = 24*n**2 - 26*n + 90. Let y be z(4). Let p = y - 286. Suppose w + 2*b - 2 = 0, 0*w + w = -5*b - 13. Calculate the highest common factor of p and w.
12
Let p be 15*2/5 + 1811. What is the highest common factor of p and 79?
79
Suppose 4*j + 11496 = 2*o, -3*o - 14*j + 17190 = -11*j. What is the highest common divisor of o and 2629?
239
Suppose -m + 3*r = -24, -2*m - 39*r = -36*r - 21. Calculate the highest common divisor of m and 2055.
15
Let g(z) = 10*z + 13. Let a be g(4). Suppose 2*t + a = -41. Let p = -39 - t. What is the greatest common factor of 8 and p?
8
Let h = 4 - -239. Let c be -5 - 1 - ((-4)/12 + (-1176)/36). What is the highest common factor of h and c?
27
Let c be 16/6*(-30)/(-4). Let a = 55 - 23. Suppose 4*n = 5*t, 4*n = -2*t - t + a. What is the greatest common divisor of c and n?
5
Suppose 0 = -2*r - 0*r + 2*f + 2, 4*f = -2*r + 14. Let h be r - 3*591/(-9). What is the greatest common divisor of 25 and h?
25
Let c = 3398 - 2078. Calculate the highest common factor of c and 22.
22
Let m(n) = 2*n**3 + 13*n**2 + n - 12. Let t be m(-5). Let r = 70 - t. Suppose 6*g - r*g = -180. Calculate the greatest common divisor of 6 and g.
6
Suppose 23142 = -38*i + 76*i. Calculate the highest common divisor of 21 and i.
21
Let s be ((-2)/5)/(-4*2/60). Suppose -l - 12 = -v - 4*v, s = l. What is the greatest common factor of 24 and v?
3
Let j(v) = v**3 + 33*v**2 + 2*v - 890. Let y be j(-32). Calculate the highest common divisor of 770 and y.
70
Suppose 0 = -3*v + 2*p - 353 + 1508, -4*p + 1560 = 4*v. Let s = 44245 - 44236. What is the highest common factor of s and v?
9
Suppose -10*u + 5*u - 140 = 0. Let b = 29 + u. Let o be ((-3)/2)/(-2*45/420). Calculate the greatest common factor of b and o.
1
Let m be (10 - 1)*2/9 + -4. Let l be ((-27)/(-18))/(m/(-12)). Let r = 99 - 18. Calculate the highest common factor of r and l.
9
Let l be (1 - (2 - 23)) + 2. Let k be (5 - 6)*(4 - (12 + -3)). Suppose o + 4*o - 90 = -k*m, -54 = -3*m - 4*o. Calculate the greatest common factor of m and l.
6
Let o(c) = 2*c**2 + 437*c + 2571. Let r be o(-6). Suppose 2*j + 2*t - 1419 = -295, 0 = 2*j - 3*t - 1149. What is the highest common factor of r and j?
21
Let m = 331 + -53. Suppose 4*f = -2*h + m + 158, -543 = -5*f - 3*h. Let s = -47 + f. Calculate the greatest common factor of s and 8.
8
Let p(k) = -15*k + 4*k - k**2 + 2*k**2 - 18. Let r be p(-3). What is the greatest common factor of r and 204?
12
Suppose 0 = 5*f + q - 29981, -9*f - 4*q = -13*f + 23956. Calculate the greatest common factor of 22 and f.
11
Let k be (-10)/25 - (-320)/50. Suppose 4*y - c + 74 = k*y, y - 44 = -4*c. Calculate the highest common factor of 45 and y.
9
Suppose 0 = 5*r - 26 + 6, -5*d + 1276 = -r. What is the highest common factor of 192 and d?
64
Let s be (2/(1 + 1))/(78/5694). Calculate the highest common factor of 1679 and s.
73
Suppose 0 = 38*v + 41*v - 65*v - 952. Suppose 3*z + 136 = 4*a, z = 3*z. What is the greatest common divisor of v and a?
34
Let z be 68/3 - 1/(-3). Let j(a) = 42*a**2 - 17172*a - 51526. Let s be j(-3). Calculate the greatest common divisor of z and s.
23
Let j be -6 + (1 + (-34)/10)/((-20)/200). Let s(t) = -103*t + 7. Let d be s(-5). What is the greatest common divisor of d and j?
18
Suppose -q = q - 18. Suppose 7*v = 2606 - 2501. What is the greatest common factor of q and v?
3
Let c = -14968 - -15213. What is the greatest common factor of c and 1176?
49
Let g = 25374 - 4927. Calculate the greatest common divisor of g and 161.
161
Let v(k) = 3*k**2 + 5*k + 3. Let g be v(-2). Let t be 6 - -5 - 0 - g/5. What is the highest common divisor of t and 190?
10
Suppose 68*g - 5058 = -1046. Suppose 6*u + 5*u - 3245 = 0. What is the highest common divisor of g and u?
59
Let h = -344 + 344. Suppose 5*a - 12 = a, y + 4*a - 37 = h. Calculate the highest common divisor of y and 5.
5
Let d(n) = -89*n**2 + 2*n + 1. Let q be d(-1). Suppose -j - 378 = 5*l + 132, -3*l - 306 = -j. Let p = q - l. Calculate the greatest common factor of p and 18.
6
Let i = -122 + 129. Suppose i - 2 = w, -5*l + w = -190. What is the greatest common factor of l and 52?
13
Let l = 3460 - 3089. What is the highest common factor of 212 and l?
53
Let k be (-3 - -33)*28/6. Suppose -3*g + 58 = -20. Suppose 1 + 5 = r + 2*w, g = r - 3*w. Calculate the greatest common factor of r and k.
14
Let s(h) = 301*h + 29. Let c be s(2). Let o = -554 + c. What is the greatest common divisor of 7 and o?
7
Suppose -5922 = -3*l + 2*h, 0 = 2*h - 303 + 309. Calculate the greatest common factor of 51 and l.
17
Let q be ((-25)/27 - -1)*-3 + (-1481316)/(-4806). What is the highest common factor of q and 33?
11
Let z = -18932 + 22872. What is the greatest common factor of z and 25?
5
Suppose 176*p - 180*p - 5*y = -618, p = -4*y + 138. What is the highest common factor of p and 8343?
81
Suppose -5*h = 113*v - 108*v - 86635, -35 = -5*h. What is the greatest common factor of v and 20?
20
Let j be (-2)/3 - (-1216)/114. Let v be ((-608)/j)/(22/(-55)). Calculate the highest common divisor of 266 and v.
38
Suppose 0 = -17*j + 1960 + 4398. What is the greatest common divisor of 154 and j?
22
Suppose -4*k = -5*w + 5136, -22*w + 4152 = -18*w + 4*k. What is the highest common divisor of 129 and w?
129
Let c = -41 + 45. Suppose 2*k + c = 16. Let q be (-36)/27 - (-578)/k. Calculate the greatest common divisor of 19 and q.
19
Let m be 1/(-3)*-2*111. Suppose 554*l - 30741 = 29063 + 63184. Calculate the highest common factor of m and l.
74
Suppose 5*g = -5*t + 97450, 5*g + 1649 + 76329 = 4*t. What is the highest common factor of t and 44?
44
Let l(s) = s**2 - 2*s + 40. Let v be l(0). Suppose -15*a + 1595 = -805. What is the greatest common divisor of a and v?
40
Let z = -16929 + 16953. What is the greatest common divisor of 1 and z?
1
Let w be 2/6 - ((-9728)/3 + 10 - -11). What is the greatest common divisor of 54 and w?
18
Suppose 3031 - 61 = -4*z + 3*o, 3*z + 2238 